 r(y) = 7*y + 2. Let j be -3*-3*(-6)/(-27). What is the remainder when r(2) is divided by 5 - (2 - 1 - j)?
4
Let t = 67 - 64. What is the remainder when t is divided by 1?
0
Let i(q) = q**3 - 9*q**2 + 15*q + 7. What is the remainder when 69 is divided by i(7)?
13
Suppose -3*z + 30 = 2*z. Suppose z*i = 7*i - 26. Calculate the remainder when 75 is divided by i.
23
Let r(q) = 3*q**2 + 2*q + 4. Let y = -3 - 0. Calculate the remainder when r(-3) is divided by (-5 - y)/(2/(-13)).
12
Let f = -6 + 8. Suppose -y = -f*y + 14. Calculate the remainder when 54 is divided by y.
12
Suppose 2*f + f - 66 = 0. Suppose -v - q + 0*q = -10, -f = -3*v + q. Suppose -3*p = -5*p + 46. Calculate the remainder when p is divided by v.
7
Suppose 2 = 3*x - 16. Calculate the remainder when 15 is divided by x.
3
Let l(r) = -r**2 - 21*r + 26. What is the remainder when 6 is divided by l(-22)?
2
Suppose -m = v - 41, m - v + 119 = 4*m. Calculate the remainder when m is divided by 14.
11
Suppose -4*j - 22 = -2*f, 0 = -f + 4*j - 1 + 22. Let q be (0 - (2 - 1)) + f. Suppose -5*d - y + 80 = -0*y, q = y. What is the remainder when 31 is divided by d?
15
Suppose 16 = 5*l - 24. Suppose -l - 7 = -5*d. Calculate the remainder when 11 is divided by d.
2
Let g = -20 + 37. Suppose g = l + 2. What is the remainder when l is divided by (5/(-3))/((-10)/36)?
3
What is the remainder when 16 - (4 + -2 + -2) is divided by 9?
7
Let s(a) = -20*a. Let z be s(-2). Let v = z - 9. Calculate the remainder when v is divided by 5/10 + 66/4.
14
Suppose 0 = 2*i + 4, 4*i = -2*q + 5 + 3. What is the remainder when 30 is divided by q?
6
Let h(c) = 8*c**3 - c**2 + c. What is the remainder when 55 is divided by h(1)?
7
Suppose -j + 4*c - 28 = -0*c, -j - 2*c - 40 = 0. Let m(p) = 2*p**2 + p + 2. What is the remainder when j/(-2) - (1 + -5) is divided by m(-2)?
6
Suppose -4*m + 94 = -2*y, 5*m - 78 = -y + 22. Calculate the remainder when 61 is divided by m.
19
Let y(i) = 3*i**3 - 3*i**2 + 1. Let h be 3 + ((-2)/(-1))/(-2). Suppose z = 2*z - 7. Calculate the remainder when y(h) is divided by z.
6
Suppose -12*r = -9*r - 60. Let i = -12 + 19. What is the remainder when r is divided by i?
6
Let d = -65 + 140. Suppose -4*y = -d + 11. What is the remainder when y is divided by 6?
4
Let f = 95 - 91. What is the remainder when 9 is divided by f?
1
Suppose 0*d - 72 = -3*d. Suppose -d + 68 = 4*r. What is the remainder when 32 is divided by r?
10
Suppose 0 = -2*k - 5*v + 25, -4*k + 0*k - 5*v = -25. Let u(b) = -b**3 - 7. Let c be u(k). What is the remainder when -2 + c/((-7)/24) is divided by 12?
10
Suppose -2*p + f = 2*p - 25, -5*f = 25. What is the remainder when 13 is divided by p?
3
Let v(l) = -11*l + 1. Let u be v(1). Let d = 4 - u. Calculate the remainder when d is divided by 5.
4
Let f(g) = -2*g**3 - 6*g**2 + 4*g + 3. Calculate the remainder when 73 is divided by f(-4).
16
Let p be (-1)/2 - (-1)/2. Suppose p*u - 45 = -u. Calculate the remainder when u is divided by 12.
9
Suppose 6*g - 2 - 232 = 0. Calculate the remainder when g is divided by 11.
6
Suppose -5*k + 27 = -4*g + g, 2*g = -k - 5. Calculate the remainder when 7 is divided by k.
1
Suppose -5*z = -4*b + 32 + 64, 3*z = -3*b + 99. What is the remainder when b is divided by 8?
5
Suppose 0 = 3*p - 8*p + 2*y + 10, -15 = 5*p + 3*y. What is the remainder when 46 is divided by p + 3 - 13*-1?
14
Suppose 3*q + 28 = 4*u + 5*q, 16 = u - 4*q. What is the remainder when 28 is divided by u?
4
Suppose -3*d + 8*d - 55 = 5*v, -5 = -5*v. Calculate the remainder when 188/8 + 2/(-4) is divided by d.
11
Let d(y) = y - 12. What is the remainder when d(16) is divided by 3?
1
Let l = 81 + -78. Calculate the remainder when (-63)/(-12) + (-3)/(-4) is divided by l.
0
Suppose -5*k = -2*g - 55, -4*g = 2*k - 3*g - 22. What is the remainder when 21 is divided by k?
10
Let t = -1 - -7. Suppose -19 = -3*z - 2*y, -2 = -z + y + 1. Let v = -1 + z. What is the remainder when t is divided by v?
2
Let v(s) = -11*s + 1. Let x be v(-5). Suppose -y = 3*y - x. Suppose 180 = 5*m + 50. What is the remainder when m is divided by y?
12
Let g(n) = -n**3 - 6*n**2 + 3*n + 5. Calculate the remainder when g(-7) is divided by 18.
15
Let t(z) = z**3 + 7*z**2 + 2*z + 4. What is the remainder when t(-6) is divided by 16?
12
Suppose -a - 3*f + 31 = 0, 5*a - 155 = -0*a + 2*f. What is the remainder when 152 is divided by a?
28
Let d(u) = u**3 + 11*u**2 - 17*u - 8. Calculate the remainder when d(-12) is divided by 9.
7
Suppose 36 + 42 = 6*s. What is the remainder when 37 + ((-1)/(-1))/1 is divided by s?
12
Let j(o) = o**3 + o + 59. Let n be j(0). Suppose -2*a + v + 29 = 0, 5*a + 0*v = -2*v + n. Calculate the remainder when 36 is divided by a.
10
Let w = -6 + 68. What is the remainder when w is divided by 13?
10
Let i(z) = -z**2 - z + 90. What is the remainder when i(0) is divided by 24?
18
Calculate the remainder when 105 is divided by 157/3 - -2 - (-14)/21.
50
Calculate the remainder when 105 is divided by 1 + 1 + 150/6.
24
Suppose -5*g + 13 = 3*c, 3*c - 3*g = -0*c - 27. Let p(o) = 6*o. Let f be p(2). What is the remainder when 3 is divided by f/7 - c/14?
1
Suppose 0*g - g = -6. Let s(c) = c**2 - 2*c + 6. What is the remainder when s(g) is divided by 11?
8
Let w(a) = -a - 5. Let m be w(-3). Let n(q) = 2*q**2 - 4*q - 3. What is the remainder when 23 is divided by n(m)?
10
Let n be (20/(-3))/((-2)/12). Suppose 4*q - 2*q - n = 0. What is the remainder when 39 is divided by q?
19
Calculate the remainder when (-3)/9 - 664/(-12) is divided by 14.
13
Let c = -4 + -2. Let x(f) = -2*f + 1. Calculate the remainder when 37 is divided by x(c).
11
What is the remainder when 10/(-6) - 300/(-18) is divided by 10?
5
Suppose -7*m + 4*k = -2*m + 31, k + 22 = -3*m. Suppose -3 = u - 2. What is the remainder when 29 is divided by u - (m + (-2)/1)?
5
Suppose -5*i = 20, 4*i + 36 = 2*f + 2*f. What is the remainder when 27 is divided by f?
2
Let y be 1*(-3 + 1) - -4. Suppose t + 5 = y*t. Suppose -3*a = -a + 4*x + 6, -t*x - 7 = 3*a. What is the remainder when 2 is divided by a?
0
Suppose -30 = -2*o + 6. Calculate the remainder when o is divided by 7.
4
Suppose 3*s + t - 63 = 4*t, 5*s + 3*t - 137 = 0. Calculate the remainder when 123 is divided by s.
23
Suppose -29 = 5*h - 3*a, -2*a + 3*a - 23 = 5*h. What is the remainder when 37 is divided by (h/6)/(2/(-39))?
11
Suppose 2*q - 8 = -0*q. Let z be -2 + 5 - (-2)/2. Suppose -y + 2*p + 4 = 9, 4*y - z = 2*p. Calculate the remainder when q is divided by y.
1
Let w = 7 + -16. Let j = w - -46. What is the remainder when j is divided by 10?
7
Suppose 0 = -g + 34 - 9. What is the remainder when 123 is divided by g?
23
Suppose 0 = 5*o + 5*s - 430, -3*o - 5*s + 155 = -103. What is the remainder when o is divided by 24?
14
Suppose 13 = 5*w + 2*n + 118, 5*w - n = -120. Suppose 4*d = -37 - 3. Let v = d - w. What is the remainder when 24 is divided by v?
11
Suppose 0 = -2*n - j + 49, -1 = -2*j - 7. What is the remainder when 51 is divided by n?
25
Suppose -7*k + 65 = -2*k. Suppose -3*l = -3*y, 3*y = 2*y - 2*l + 15. Calculate the remainder when k is divided by y.
3
Suppose 4*u = 5*f + 41, 4*u - 12 = u. What is the remainder when 30/4 - 7/(-14) is divided by f*1*2/(-2)?
3
Calculate the remainder when 1 + 1346/8 - (-3)/(-12) is divided by 10.
9
Let x = -18 + 38. Let d = 28 - x. Calculate the remainder when 29 is divided by d.
5
Let x be 122/(-6) - 1/(-3). Let l = -11 - x. Calculate the remainder when 45 is divided by 3/(l/6)*8.
13
Let g = -6 + 9. Let m(w) = w**3 + 4*w**2 - 2*w + 4. Calculate the remainder when m(g) is divided by 16.
13
Suppose 2 + 3 = w + 4*v, -2*v = 8. Calculate the remainder when 38 is divided by w.
17
Let m(b) = -6*b + 4*b - 2*b - 3*b + b**2 - 6. What is the remainder when 47 is divided by m(9)?
11
Suppose 0 = -3*r - 2*r + 200. What is the remainder when (-30)/r + (-19)/(-4) is divided by 3?
1
Suppose -5*g - x = -7 - 457, -3*g - 4*x + 275 = 0. What is the remainder when g is divided by 19?
17
What is the remainder when 5 is divided by (-8)/(-36) - 34/(-9)?
1
Suppose 5*k - m - 24 = 0, 0 = -k - 5*m - 17 + 1. Suppose 48 = k*d - 4. Calculate the remainder when d is divided by 3.
1
Suppose 11 = 4*h + a + 3, 4*a = h + 15. Let k(u) = -u**2 + u - 1. Let g be k(h). Let t = 5 + g. Calculate the remainder 